t the prime factors of 872.
2, 109
List the prime factors of 37121.
7, 5303
List the prime factors of 7065.
3, 5, 157
List the prime factors of 58.
2, 29
List the prime factors of 2757.
3, 919
List the prime factors of 35804.
2, 8951
What are the prime factors of 2487?
3, 829
List the prime factors of 1336.
2, 167
What are the prime factors of 119891?
119891
List the prime factors of 9987.
3, 3329
List the prime factors of 19079.
19079
List the prime factors of 4240.
2, 5, 53
List the prime factors of 33326.
2, 19, 877
What are the prime factors of 701?
701
What are the prime factors of 6924?
2, 3, 577
List the prime factors of 258.
2, 3, 43
What are the prime factors of 1263?
3, 421
List the prime factors of 1895.
5, 379
List the prime factors of 4145.
5, 829
What are the prime factors of 48355?
5, 19, 509
What are the prime factors of 1943?
29, 67
What are the prime factors of 799?
17, 47
What are the prime factors of 19111?
29, 659
List the prime factors of 67649.
61, 1109
What are the prime factors of 164094?
2, 3, 7, 3907
What are the prime factors of 517?
11, 47
List the prime factors of 2539.
2539
List the prime factors of 3279.
3, 1093
List the prime factors of 2171.
13, 167
What are the prime factors of 769?
769
List the prime factors of 3157.
7, 11, 41
What are the prime factors of 36957?
3, 97, 127
List the prime factors of 820.
2, 5, 41
List the prime factors of 666.
2, 3, 37
What are the prime factors of 615?
3, 5, 41
What are the prime factors of 6308?
2, 19, 83
List the prime factors of 19039.
79, 241
What are the prime factors of 1365?
3, 5, 7, 13
What are the prime factors of 51698?
2, 25849
List the prime factors of 4129.
4129
List the prime factors of 3602.
2, 1801
List the prime factors of 1725.
3, 5, 23
List the prime factors of 113.
113
What are the prime factors of 2394?
2, 3, 7, 19
List the prime factors of 288.
2, 3
What are the prime factors of 579?
3, 193
What are the prime factors of 7085?
5, 13, 109
List the prime factors of 34677.
3, 3853
What are the prime factors of 94454?
2, 83, 569
List the prime factors of 5247.
3, 11, 53
List the prime factors of 959.
7, 137
List the prime factors of 15937.
15937
List the prime factors of 6604.
2, 13, 127
What are the prime factors of 74436?
2, 3, 6203
List the prime factors of 409.
409
What are the prime factors of 15380?
2, 5, 769
What are the prime factors of 1033?
1033
List the prime factors of 36559.
36559
List the prime factors of 37403.
113, 331
What are the prime factors of 533?
13, 41
List the prime factors of 29459.
89, 331
List the prime factors of 23519.
29, 811
What are the prime factors of 1325?
5, 53
List the prime factors of 6351.
3, 29, 73
What are the prime factors of 2273?
2273
List the prime factors of 1102.
2, 19, 29
What are the prime factors of 45237?
3, 17, 887
What are the prime factors of 42930?
2, 3, 5, 53
What are the prime factors of 8753?
8753
List the prime factors of 20870.
2, 5, 2087
What are the prime factors of 4551?
3, 37, 41
List the prime factors of 607.
607
List the prime factors of 15925.
5, 7, 13
List the prime factors of 7669.
7669
List the prime factors of 50952.
2, 3, 11, 193
List the prime factors of 22868.
2, 5717
List the prime factors of 6249.
3, 2083
What are the prime factors of 14892?
2, 3, 17, 73
What are the prime factors of 38232?
2, 3, 59
List the prime factors of 25229.
25229
List the prime factors of 3917.
3917
List the prime factors of 55495.
5, 11, 1009
What are the prime factors of 92855?
5, 7, 379
List the prime factors of 41695.
5, 31, 269
What are the prime factors of 275?
5, 11
What are the prime factors of 4729?
4729
What are the prime factors of 1344?
2, 3, 7
What are the prime factors of 14671?
17, 863
List the prime factors of 9012.
2, 3, 751
What are the prime factors of 470?
2, 5, 47
List the prime factors of 2578.
2, 1289
What are the prime factors of 1374?
2, 3, 229
List the prime factors of 23829.
3, 13, 47
What are the prime factors of 42497?
7, 13, 467
What are the prime factors of 2742?
2, 3, 457
List the prime factors of 2457.
3, 7, 13
List the prime factors of 50.
2, 5
List the prime factors of 970.
2, 5, 97
What are the prime factors of 16387?
7, 2341
What are the prime factors of 91148?
2, 22787
What are the prime factors of 6378?
2, 3, 1063
What are the prime factors of 1393?
7, 199
List the prime factors of 918.
2, 3, 17
What are the prime factors of 132891?
3, 11, 4027
What are the prime factors of 2733?
3, 911
What are the prime factors of 1583?
1583
List the prime factors of 926.
2, 463
What are the prime factors of 59891?
13, 17, 271
List the prime factors of 1644.
2, 3, 137
What are the prime factors of 82332?
2, 3, 2287
List the prime factors of 100874.
2, 31, 1627
What are the prime factors of 39497?
127, 311
List the prime factors of 104377.
7, 13, 31, 37
List the prime factors of 14301.
3, 7, 227
What are the prime factors of 2574?
2, 3, 11, 13
What are the prime factors of 4706?
2, 13, 181
What are the prime factors of 2675?
5, 107
What are the prime factors of 30?
2, 3, 5
What are the prime factors of 66309?
3, 23, 31
List the prime factors of 2754.
2, 3, 17
What are the prime factors of 42561?
3, 4729
What are the prime factors of 114165?
3, 5, 43, 59
List the prime factors of 18701.
18701
List the prime factors of 22102.
2, 43, 257
What are the prime factors of 101063?
101063
What are the prime factors of 227?
227
List the prime factors of 10522.
2, 5261
What are the prime factors of 33071?
33071
What are the prime factors of 235?
5, 47
List the prime factors of 18297.
3, 19, 107
List the prime factors of 8377.
8377
List the prime factors of 190924.
2, 59, 809
List the prime factors of 13910.
2, 5, 13, 107
List the prime factors of 28593.
3, 353
What are the prime factors of 10717?
7, 1531
What are the prime factors of 771?
3, 257
List the prime factors of 187.
11, 17
List the prime factors of 3061.
3061
List the prime factors of 79257.
3, 29, 911
What are the prime factors of 71823?
3, 89, 269
What are the prime factors of 1247?
29, 43
List the prime factors of 2804.
2, 701
List the prime factors of 16774.
2, 8387
List the prime factors of 37325.
5, 1493
List the prime factors of 4142.
2, 19, 109
List the prime factors of 107.
107
What are the prime factors of 19943?
7, 11, 37
What are the prime factors of 46232?
2, 5779
What are the prime factors of 38095?
5, 19, 401
List the prime factors of 49403.
127, 389
What are the prime factors of 1735?
5, 347
List the prime factors of 4338.
2, 3, 241
List the prime factors of 23711.
131, 181
What are the prime factors of 552?
2, 3, 23
What are the prime factors of 66381?
3, 7, 29, 109
What are the prime factors of 784?
2, 7
What are the prime factors of 10094?
2, 7, 103
List the prime factors of 10955.
5, 7, 313
What are the prime factors of 2178?
2, 3, 11
List the prime factors of 11348.
2, 2837
List the prime factors of 12613.
12613
List the prime factors of 1081.
23, 47
What are the prime factors of 26751?
3, 37, 241
What are the prime factors of 58174?
2, 17, 29, 59
List the prime factors of 5160.
2, 3, 5, 43
What are the prime factors of 3977?
41, 97
What are the prime factors of 37788?
2, 3, 47, 67
What are the prime factors of 70?
2, 5, 7
What are the prime factors of 10684?
2, 2671
What are the prime factors of 5912?
2, 739
List the prime factors of 3509.
11, 29
List the prime factors of 2328.
2, 3, 97
What are the prime factors of 12330?
2, 3, 5, 137
What are the prime factors of 11349?
3, 13, 97
List the prime factors of 12002.
2, 17, 353
List the prime factors of 1691.
19, 89
What are the prime factors of 2382?
2, 3, 397
List the prime factors of 1287.
3, 11, 13
List the prime factors of 18744.
2, 3, 11, 71
What are the prime factors of 577?
577
What are the prime factors of 1254?
2, 3, 11, 19
What are the prime factors of 25006?
2, 12503
What are the prime factors of 15785?
5, 7, 11, 41
List the prime factors of 55227.
3, 41, 449
List the prime factors of 11874.
2, 3, 1979
List the prime factors of 7149.
3, 2383
List the prime factors of 8096.
2, 11, 23
What are the prime factors of 1141?
7, 163
List the prime factors of 5199.
3, 1733
What are the prime factors of 794?
2, 397
List the prime factors of 10510.
2, 5, 1051
Wh